75 + c, u - 24 = -2*v. List the prime factors of u/((-2)/1 - -3).
2, 7
Let d(i) = 3*i**2 + 4*i + 1029. List the prime factors of d(0).
3, 7
Let u(j) = -187*j - 76. List the prime factors of u(-31).
3, 1907
Suppose -5*p + 73 = -q, 4*p - 3*q + 6 = 60. Suppose 3*x - 4*x = 10. Let m = x + p. What are the prime factors of m?
5
Let u(d) = -86*d + 54. What are the prime factors of u(-9)?
2, 3, 23
Let f(g) = -35*g + 7. Let q(u) = -18*u + 4. Let b(r) = 3*f(r) - 5*q(r). What are the prime factors of b(-5)?
2, 19
Let a(u) = -8*u**2 + 1. Let c be a(1). Let j(y) = -y**2 - 17*y - 7. List the prime factors of j(c).
3, 7
Let y = -184 - -188. List the prime factors of y.
2
Let m = 30 + -27. Suppose m*l + 126 - 807 = -4*b, -5*l = 3*b - 1135. What are the prime factors of l?
227
Let l = -420 - -780. List the prime factors of l.
2, 3, 5
Suppose x - 1142 - 53 = 0. Let i be x/(-20) - 1/4. Let o = i + 101. List the prime factors of o.
41
Suppose -4499 = 24*u - 37091. List the prime factors of u.
2, 7, 97
Suppose 5*r + 4*c = 1366, -3*r - 8*c + 3*c = -817. Suppose b - 5*b = 4*w - 280, -4*w - 2*b = -r. What are the prime factors of w?
67
List the prime factors of 369/(9*1/6).
2, 3, 41
Let u(z) = -415*z**3 - 2*z**2 - 40*z - 81. What are the prime factors of u(-2)?
7, 11, 43
Let b(k) = -k**3 - 9*k**2 + 4*k + 10. Let r be b(-9). Let o = 27 + r. Suppose w + o = 6. What are the prime factors of w?
5
Let u be -18*((-2)/(-4) - 4). Suppose 3*x - 190 = 5*z, -x + z + u = -z. List the prime factors of x.
5, 13
Let s(y) = -y**3 - y**2 + y. Let x(m) = -87*m**3 + 3*m**2 - 4*m - 3. Let i(d) = 2*s(d) + x(d). What are the prime factors of i(-1)?
89
Let h = 753 - 749. Let w = 105 - 48. Suppose h*b = b + w. What are the prime factors of b?
19
Let w = -7 - 381. Let c = -206 - w. List the prime factors of c.
2, 7, 13
Let a(u) be the second derivative of 4*u**4 + 5*u**3/6 + 11*u. What are the prime factors of a(2)?
2, 101
Let p(g) be the third derivative of -g**4/6 - 23*g**3/6 + 2*g**2. Suppose -71*y + 57*y - 98 = 0. List the prime factors of p(y).
5
Suppose 0 = x - 13 - 278. What are the prime factors of x?
3, 97
Let p(j) be the second derivative of 2*j**3/3 + j**2/2 + 2*j. Let o be p(4). Suppose m - o = -g + 3*m, -4*m = 2*g + 6. List the prime factors of g.
7
Suppose 6*r + 69 - 2043 = 0. List the prime factors of r.
7, 47
Let i be (-10)/(-35) + (-2)/7. Suppose i*w = 2*w. Suppose w = 4*q - 1 - 15. List the prime factors of q.
2
Let m = -38 - -38. Suppose 7*u + 5*u - 1440 = m. List the prime factors of u.
2, 3, 5
Suppose -2*h + z + 3 = 0, 0 = -5*h + 4*z + 5 + 1. What are the prime factors of (-3 + (1 - -6))/(2/h)?
2
Let p be (-8)/14 + (-1912)/(-14) - -4. Let a = p + -48. List the prime factors of a.
2, 23
Let l(g) = 7*g**2 + 56*g - 71. What are the prime factors of l(-15)?
2, 83
Suppose 0 = -9*k + 8*k - 3. Let q be k/12*-4 - 4. List the prime factors of (86/q)/((-12)/18).
43
Suppose -5*u + 515 = -4*s, 3*u + 2*s - 331 = -0*u. Let n = -73 + u. Suppose -4*k = -l + 30, -3*l - n = -6*l - 2*k. List the prime factors of l.
2, 7
Let r = -254 - -404. What are the prime factors of r?
2, 3, 5
Let j be ((-16)/20)/((6/(-45))/2). What are the prime factors of 274/6*7/28*j?
137
Suppose -2*n = -8*n - 12, 5*v = 3*n + 4056. What are the prime factors of v?
2, 3, 5
Let j(a) = 327*a**2 - 6*a - 5. What are the prime factors of j(-1)?
2, 41
Let b(l) = 18*l**2 + 12*l**2 + 12 - 22*l**2 + 2*l. List the prime factors of b(5).
2, 3, 37
Let k(w) = w**3 - 13*w**2 + 10*w - 2. Let z be k(10). Let f = z + 424. What are the prime factors of f?
2, 3, 37
Let o(a) = a**3 - 5*a**2 + a + 6. Let k be o(3). What are the prime factors of 2/k - 715/(-99)?
7
Let y(r) = r**3 + 19*r**2 - 2. Let n be y(-19). Let x = n - -151. What are the prime factors of x?
149
Let w(i) = -i**2 + 4 + i - i**2 + i**2 + 2*i. Let h be w(4). Suppose -3*l + 6*l - 42 = h. List the prime factors of l.
2, 7
Suppose -9 + 45 = -4*h. Let w(k) = k**2 + 8*k - 47. Let f be w(-13). Let d = f + h. What are the prime factors of d?
3
Suppose -m - 1023 = 8*n - 11*n, 2*m - 1694 = -5*n. List the prime factors of n.
2, 5, 17
Let p(d) = 4*d - 1. Suppose -3*m = -8*m + 20. Let v be p(m). Suppose -53 = -4*n + v. List the prime factors of n.
17
Suppose -5*t = -3170 - 180. List the prime factors of t.
2, 5, 67
Let f = -255 - -1019. What are the prime factors of f?
2, 191
List the prime factors of 7711/4 + 5 - 70/(-56).
2, 967
Suppose 5*d - 1299 = 4*o, -2*d = -3*d - 3*o + 256. List the prime factors of d.
7, 37
What are the prime factors of (-176)/3*(-9 - -6)?
2, 11
Let z(v) = -80*v - 10. Let o be z(-1). Let b = 140 - o. What are the prime factors of b?
2, 5, 7
Suppose 5*z - 90 = -20. Suppose 4*g = 2*g + z. List the prime factors of 341/g - 10/(-35).
7
Let x(m) = -2*m + 26. Let l(d) = -3*d + 52. Let y(f) = -f - 9. Let h be y(-4). Let u(c) = h*x(c) + 3*l(c). List the prime factors of u(-12).
2, 7
Let f(o) = o - 1. Suppose 0 = 3*k + 15 - 0. Let m = 12 + k. List the prime factors of f(m).
2, 3
Let j(c) = 6*c**3 - 3*c**2 - c + 1. Let s be j(5). Suppose -4*k + s = -5*b, -4*b + 0*b - 502 = -3*k. What are the prime factors of k?
2, 3, 29
Suppose 2*c + 4*k = k + 4, 3*c + 4*k - 6 = 0. Suppose -4*v - 40 = -2*n - 16, -c*n = -3*v - 20. Suppose 149 = n*d - 87. List the prime factors of d.
59
Let q(b) = 28*b - 21. Let f be q(-12). Let n = -175 - f. List the prime factors of n.
2, 7, 13
Let l be (-5)/(-5)*(-1 - -3). Suppose l*y - 6*y + 52 = 0. List the prime factors of y.
13
Let p(q) = 20*q + 341. What are the prime factors of p(45)?
17, 73
Let g = 2931 + -1975. List the prime factors of g.
2, 239
List the prime factors of (76/(-4))/((-4)/148).
19, 37
Let c(p) = -15*p**2 + 4*p + 8. Let r be c(7). What are the prime factors of r/(-21) + (-6)/21?
3, 11
Let c be 11*1 + (0 - 0). Suppose 5*m = 9 + c. Suppose 2*s = 5*s - 3*a - 69, -s - m*a + 38 = 0. What are the prime factors of s?
2, 13
Suppose 12 = -65*m + 61*m. Let j(h) = h + 7. List the prime factors of j(m).
2
Suppose -2*c + 12 = 2*d, 5*c - 2*c + 5*d = 28. Let r = c - 1. Let q(i) = -i**2 + 8. List the prime factors of q(r).
2
Let q(a) = -74*a - 221. List the prime factors of q(-12).
23, 29
Suppose 4545 = 3*t - 4*k - 1633, -k = 4*t - 8231. List the prime factors of t.
2, 3, 7
Let v be 37/7 - (-16)/(-56). Let z be (-8)/(-30)*3*v. Suppose 8*d - 92 = z*d. What are the prime factors of d?
23
Let p(i) be the first derivative of 19*i**2/2 - 19*i + 34. List the prime factors of p(15).
2, 7, 19
Let l be (-18)/126 + 22/7. Suppose 2*m - 5*r + 0*r = 86, 0 = m + l*r - 21. Suppose -o + m = -4. What are the prime factors of o?
37
Suppose 3*d = -3, -4*d = -3*x - 8*d + 8. Let r(m) = 19*m**2 - 2*m + 11. What are the prime factors of r(x)?
307
Suppose -4*c = -5*x - 435, 0*x = 4*c - 2*x - 438. List the prime factors of c.
2, 5, 11
List the prime factors of 4/10 - (-143493)/105.
1367
What are the prime factors of (-10)/(-20)*6 + 992*1?
5, 199
Suppose -25*h = -21*h - 4596. List the prime factors of h.
3, 383
Suppose 3*y - 2*h = -h - 4, -4*y - 7 = -h. Let w be (-56)/(-12) - 1/y. Suppose 5*s - 2*t - 84 = -23, -w*t - 55 = -5*s. What are the prime factors of s?
13
Suppose -1048 - 5518 = -2*a. List the prime factors of a.
7, 67
What are the prime factors of 2149 + 19 - ((-15)/3 - 2)?
3, 5, 29
Suppose 14*t - 9*t = 50. Let j be -10*((-2)/t + 1). Let q(p) = -3*p - 19. List the prime factors of q(j).
5
Let n = 2760 + -1685. List the prime factors of n.
5, 43
List the prime factors of (1 - 5)*(-4936)/32.
617
Let r(v) = v**3 + 5*v**2 - 12*v - 15. List the prime factors of r(8).
7, 103
Let c be -1*(-4292)/(-28) - (-8)/28. Let s = c + 354. What are the prime factors of s?
3, 67
Let b(u) = -u**3 - u**2 - 2*u + 80. Let c be b(0). Let i = c + -48. List the prime factors of i.
2
Suppose 3*r - 12 = -j, -5*r + 53 - 16 = -4*j. List the prime factors of 0/j - (-2 + -76).
2, 3, 13
Let u(s) = 21*s - 9. Suppose 5*j - 8 = 22. Suppose 0 = w - b - b + j, 5*b - 17 = 2*w. List the prime factors of u(w).
3, 5
Let i(p) = 68*p**2 - 18*p - 37. List the prime factors of i(-4).
1123
Let h(s) be the third derivative of s**4/24 + 4*s**3/3 + s**2. Let t be h(-6). List the prime factors of ((-9)/t)/(6/(-32)).
2, 3
Let c(n) = n - 22*n**3 + 2 + 0 - 17*n**3 - 2*n**2. List the prime factors of c(-1).
2, 